{"id":2462,"date":"2023-03-19T21:20:22","date_gmt":"2023-03-19T21:20:22","guid":{"rendered":"https:\/\/augeyam.com\/home\/?page_id=2462"},"modified":"2023-03-19T23:52:22","modified_gmt":"2023-03-19T23:52:22","slug":"nosotros-2","status":"publish","type":"page","link":"https:\/\/augeyam.com\/home\/nosotros-2\/","title":{"rendered":"Nosotros"},"content":{"rendered":"\t\t<div data-elementor-type=\"wp-page\" data-elementor-id=\"2462\" class=\"elementor elementor-2462\">\n\t\t\t\t\t\t<section class=\"elementor-section elementor-top-section elementor-element elementor-element-8bd942d elementor-section-boxed elementor-section-height-default elementor-section-height-default\" data-id=\"8bd942d\" data-element_type=\"section\">\n\t\t\t\t\t\t<div class=\"elementor-container elementor-column-gap-default\">\n\t\t\t\t\t<div class=\"elementor-column elementor-col-100 elementor-top-column elementor-element elementor-element-cd228a8\" data-id=\"cd228a8\" data-element_type=\"column\">\n\t\t\t<div class=\"elementor-widget-wrap elementor-element-populated\">\n\t\t\t\t\t\t<div class=\"elementor-element elementor-element-35c34ac elementor-widget elementor-widget-heading\" data-id=\"35c34ac\" data-element_type=\"widget\" data-widget_type=\"heading.default\">\n\t\t\t\t<div class=\"elementor-widget-container\">\n\t\t\t<h2 class=\"elementor-heading-title elementor-size-default\"><h1 style=\"margin: 0cm;font-size: 12pt;font-family: Calibri, sans-serif;white-space: normal\">&nbsp;<\/h1><h1 align=\"center\" style=\"margin: 0cm;font-size: 12pt;font-weight: normal;, sans-serif;white-space: normal;background-image: initial;background-position: initial;background-size: initial;background-repeat: initial;background-attachment: initial;text-align: center\"><strong><span style=\"font-size: 15pt;font-family: Gabriela\">\u00a112 A\u00d1OS PROPORCIONANDO SOLUCIONES EMPRESARIALES!<\/span><\/strong><\/h1><\/h2>\t\t<\/div>\n\t\t\t\t<\/div>\n\t\t\t\t\t<\/div>\n\t\t<\/div>\n\t\t\t\t\t<\/div>\n\t\t<\/section>\n\t\t\t\t<section class=\"elementor-section elementor-top-section elementor-element elementor-element-43f6084 elementor-section-boxed elementor-section-height-default elementor-section-height-default\" data-id=\"43f6084\" data-element_type=\"section\">\n\t\t\t\t\t\t<div class=\"elementor-container elementor-column-gap-default\">\n\t\t\t\t\t<div class=\"elementor-column elementor-col-50 elementor-top-column elementor-element elementor-element-cefe903\" data-id=\"cefe903\" data-element_type=\"column\">\n\t\t\t<div class=\"elementor-widget-wrap elementor-element-populated\">\n\t\t\t\t\t\t<div class=\"elementor-element elementor-element-e2e3998 elementor-widget elementor-widget-text-editor\" data-id=\"e2e3998\" data-element_type=\"widget\" data-widget_type=\"text-editor.default\">\n\t\t\t\t<div class=\"elementor-widget-container\">\n\t\t\t\t\t\t\t<p><strong style=\"color: rgb(0, 0, 0); font-family: &quot;Times New Roman&quot;, serif; font-size: 16px;\"><span style=\"font-size: 11.5pt; font-family: &quot;Trebuchet MS&quot;, sans-serif;\">AUGE &amp; AM S.A.S<\/span><\/strong><span style=\"color: rgb(0, 0, 0); font-size: 11.5pt; font-family: &quot;Trebuchet MS&quot;, sans-serif;\">. acredita 12 a\u00f1os de experiencia dedicados a la prestaci\u00f3n de servicios de asesor\u00eda, auditor\u00eda y consultor\u00eda. Ejecutada por profesionales del derecho y la ingenier\u00eda en las diferentes \u00e1reas de la productividad en la econom\u00eda nacional dirigida a sectores de la industria, la manufactura, el comercio y los servicios, sean micro, peque\u00f1as, medianas y\/o grandes empresas. En 2011 con proyecci\u00f3n a futuro de buen servicio, tomamos la iniciativa de convertirnos en una empresa que integrara las distintas disciplinas profesionales, para lograr resolver necesidades en la gesti\u00f3n empresarial y ambiental dirigidas al \u00e1mbito corporativo de los sectores p\u00fablico y privado.<\/span><br><\/p>\t\t\t\t\t\t<\/div>\n\t\t\t\t<\/div>\n\t\t\t\t\t<\/div>\n\t\t<\/div>\n\t\t\t\t<div class=\"elementor-column elementor-col-50 elementor-top-column elementor-element elementor-element-522fc91\" data-id=\"522fc91\" data-element_type=\"column\">\n\t\t\t<div class=\"elementor-widget-wrap elementor-element-populated\">\n\t\t\t\t\t\t<div class=\"elementor-element elementor-element-b312f7c elementor-widget elementor-widget-image\" data-id=\"b312f7c\" data-element_type=\"widget\" data-widget_type=\"image.default\">\n\t\t\t\t<div class=\"elementor-widget-container\">\n\t\t\t\t\t\t\t\t\t\t\t\t\t<img fetchpriority=\"high\" decoding=\"async\" width=\"640\" height=\"426\" src=\"https:\/\/augeyam.com\/wp-content\/uploads\/2021\/04\/business-idea-growth-5261745-1024x682.jpg\" class=\"attachment-large size-large wp-image-2077\" alt=\"business, idea, growth\" srcset=\"https:\/\/augeyam.com\/wp-content\/uploads\/2021\/04\/business-idea-growth-5261745-1024x682.jpg 1024w, https:\/\/augeyam.com\/wp-content\/uploads\/2021\/04\/business-idea-growth-5261745-300x200.jpg 300w, https:\/\/augeyam.com\/wp-content\/uploads\/2021\/04\/business-idea-growth-5261745-768x512.jpg 768w, https:\/\/augeyam.com\/wp-content\/uploads\/2021\/04\/business-idea-growth-5261745-600x400.jpg 600w, https:\/\/augeyam.com\/wp-content\/uploads\/2021\/04\/business-idea-growth-5261745.jpg 1280w\" sizes=\"(max-width: 640px) 100vw, 640px\" \/>\t\t\t\t\t\t\t\t\t\t\t\t\t<\/div>\n\t\t\t\t<\/div>\n\t\t\t\t\t<\/div>\n\t\t<\/div>\n\t\t\t\t\t<\/div>\n\t\t<\/section>\n\t\t\t\t<section class=\"elementor-section elementor-top-section elementor-element elementor-element-372855f0 elementor-section-boxed elementor-section-height-default elementor-section-height-default\" data-id=\"372855f0\" data-element_type=\"section\">\n\t\t\t\t\t\t<div class=\"elementor-container elementor-column-gap-default\">\n\t\t\t\t\t<div class=\"elementor-column elementor-col-100 elementor-top-column elementor-element elementor-element-796b2a1\" data-id=\"796b2a1\" data-element_type=\"column\">\n\t\t\t<div class=\"elementor-widget-wrap elementor-element-populated\">\n\t\t\t\t\t\t\t<\/div>\n\t\t<\/div>\n\t\t\t\t\t<\/div>\n\t\t<\/section>\n\t\t\t\t<section class=\"elementor-section elementor-top-section elementor-element elementor-element-534c77f elementor-section-boxed elementor-section-height-default elementor-section-height-default\" data-id=\"534c77f\" data-element_type=\"section\">\n\t\t\t\t\t\t<div class=\"elementor-container elementor-column-gap-default\">\n\t\t\t\t\t<div class=\"elementor-column elementor-col-100 elementor-top-column elementor-element elementor-element-1258a7f\" data-id=\"1258a7f\" data-element_type=\"column\">\n\t\t\t<div class=\"elementor-widget-wrap elementor-element-populated\">\n\t\t\t\t\t\t<div class=\"elementor-element elementor-element-4530bc7 elementor-widget elementor-widget-image\" data-id=\"4530bc7\" data-element_type=\"widget\" data-widget_type=\"image.default\">\n\t\t\t\t<div class=\"elementor-widget-container\">\n\t\t\t\t\t\t\t\t\t\t\t\t\t<img decoding=\"async\" width=\"640\" height=\"619\" src=\"https:\/\/augeyam.com\/wp-content\/uploads\/2023\/03\/Vision-1024x990.jpg\" class=\"attachment-large size-large wp-image-2469\" alt=\"\" srcset=\"https:\/\/augeyam.com\/wp-content\/uploads\/2023\/03\/Vision-1024x990.jpg 1024w, https:\/\/augeyam.com\/wp-content\/uploads\/2023\/03\/Vision-300x290.jpg 300w, https:\/\/augeyam.com\/wp-content\/uploads\/2023\/03\/Vision-768x743.jpg 768w, https:\/\/augeyam.com\/wp-content\/uploads\/2023\/03\/Vision-600x580.jpg 600w, https:\/\/augeyam.com\/wp-content\/uploads\/2023\/03\/Vision.jpg 1430w\" sizes=\"(max-width: 640px) 100vw, 640px\" \/>\t\t\t\t\t\t\t\t\t\t\t\t\t<\/div>\n\t\t\t\t<\/div>\n\t\t\t\t\t<\/div>\n\t\t<\/div>\n\t\t\t\t\t<\/div>\n\t\t<\/section>\n\t\t\t\t<section class=\"elementor-section elementor-top-section elementor-element elementor-element-957e2ac elementor-section-boxed elementor-section-height-default elementor-section-height-default\" data-id=\"957e2ac\" data-element_type=\"section\">\n\t\t\t\t\t\t<div class=\"elementor-container elementor-column-gap-default\">\n\t\t\t\t\t<div class=\"elementor-column elementor-col-50 elementor-top-column elementor-element elementor-element-71afe8b\" data-id=\"71afe8b\" data-element_type=\"column\">\n\t\t\t<div class=\"elementor-widget-wrap elementor-element-populated\">\n\t\t\t\t\t\t<div class=\"elementor-element elementor-element-2c91865 elementor-widget elementor-widget-heading\" data-id=\"2c91865\" data-element_type=\"widget\" data-widget_type=\"heading.default\">\n\t\t\t\t<div class=\"elementor-widget-container\">\n\t\t\t<h2 class=\"elementor-heading-title elementor-size-medium\"><h5 align=\"center\" style=\"margin: 0cm;font-size: 12pt;, sans-serif;font-weight: normal;white-space: normal;text-align: center;background-image: initial;background-position: initial;background-size: initial;background-repeat: initial;background-attachment: initial\"><span style=\"font-size: 15pt;font-family: Gabriela\">12 A\u00d1OS DESTAC\u00c1NDONOS POR NUESTRA&nbsp;<span><\/span><span style=\"font-size: 15pt\">CALIDAD<\/span><\/span><span style=\"font-size: 15pt;font-family: Gabriela\">&nbsp;Y COMPROMISO<\/span><\/h5><\/h2>\t\t<\/div>\n\t\t\t\t<\/div>\n\t\t\t\t<div class=\"elementor-element elementor-element-4587a65 elementor-widget elementor-widget-image\" data-id=\"4587a65\" data-element_type=\"widget\" data-widget_type=\"image.default\">\n\t\t\t\t<div class=\"elementor-widget-container\">\n\t\t\t\t\t\t\t\t\t\t\t\t\t<img decoding=\"async\" width=\"640\" height=\"426\" src=\"https:\/\/augeyam.com\/wp-content\/uploads\/2023\/03\/Captura-de-Pantalla-2023-03-19-a-las-4.15.14-p.-m..png\" class=\"attachment-large size-large wp-image-2464\" alt=\"\" srcset=\"https:\/\/augeyam.com\/wp-content\/uploads\/2023\/03\/Captura-de-Pantalla-2023-03-19-a-las-4.15.14-p.-m..png 646w, https:\/\/augeyam.com\/wp-content\/uploads\/2023\/03\/Captura-de-Pantalla-2023-03-19-a-las-4.15.14-p.-m.-300x200.png 300w, https:\/\/augeyam.com\/wp-content\/uploads\/2023\/03\/Captura-de-Pantalla-2023-03-19-a-las-4.15.14-p.-m.-600x399.png 600w\" sizes=\"(max-width: 640px) 100vw, 640px\" \/>\t\t\t\t\t\t\t\t\t\t\t\t\t<\/div>\n\t\t\t\t<\/div>\n\t\t\t\t\t<\/div>\n\t\t<\/div>\n\t\t\t\t<div class=\"elementor-column elementor-col-50 elementor-top-column elementor-element elementor-element-fd69508\" data-id=\"fd69508\" data-element_type=\"column\">\n\t\t\t<div class=\"elementor-widget-wrap elementor-element-populated\">\n\t\t\t\t\t\t<div class=\"elementor-element elementor-element-a22b63d elementor-widget elementor-widget-text-editor\" data-id=\"a22b63d\" data-element_type=\"widget\" data-widget_type=\"text-editor.default\">\n\t\t\t\t<div class=\"elementor-widget-container\">\n\t\t\t\t\t\t\t<p class=\"MsoNormal\" style=\"margin: 0cm 0cm 7.5pt; font-size: 12pt; font-family: Calibri, sans-serif; color: #000000; background-image: initial; background-position: initial; background-size: initial; background-repeat: initial; background-attachment: initial; background-origin: initial; background-clip: initial;\"><b><span style=\"font-size: 11.5pt; font-family: 'Trebuchet MS', sans-serif;\">\u00a0<\/span><\/b><\/p>\n<p class=\"MsoNormal\" style=\"margin: 0cm 0cm 7.5pt; font-size: 12pt; font-family: Calibri, sans-serif; color: #000000; background-image: initial; background-position: initial; background-size: initial; background-repeat: initial; background-attachment: initial; background-origin: initial; background-clip: initial;\"><b><span style=\"font-size: 11.5pt; font-family: 'Trebuchet MS', sans-serif;\">\u00a0<\/span><\/b><\/p>\n<p class=\"MsoNormal\" style=\"margin: 0cm 0cm 7.5pt; font-size: 12pt; font-family: Calibri, sans-serif; color: #000000; background-image: initial; background-position: initial; background-size: initial; background-repeat: initial; background-attachment: initial; background-origin: initial; background-clip: initial;\"><b style=\"font-size: 12pt;\"><span style=\"font-size: 11.5pt; font-family: 'Trebuchet MS', sans-serif;\">AUGE &amp; AM S.A.S.<\/span><\/b><span style=\"font-size: 11.5pt; font-family: 'Trebuchet MS', sans-serif;\">\u00a0esta conformado por un excelente equipo interdisciplinario capacitado y permanentemente actualizado en los \u00faltimos temas relacionados con normatividad y gesti\u00f3n ambiental, con amplia experiencia en el sector p\u00fablico y privado, en el conocimiento, desarrollo, planeaci\u00f3n y ejecuci\u00f3n de soluciones innovadoras, eficientes y alineadas a las necesidades de nuestros clientes.<\/span><\/p>\t\t\t\t\t\t<\/div>\n\t\t\t\t<\/div>\n\t\t\t\t\t<\/div>\n\t\t<\/div>\n\t\t\t\t\t<\/div>\n\t\t<\/section>\n\t\t\t\t<\/div>\n\t\t","protected":false},"excerpt":{"rendered":"<p>&nbsp; \u00a112 A\u00d1OS PROPORCIONANDO SOLUCIONES EMPRESARIALES! AUGE &amp; AM S.A.S. acredita 12 a\u00f1os de experiencia dedicados a la prestaci\u00f3n de servicios de asesor\u00eda, auditor\u00eda y consultor\u00eda. Ejecutada por profesionales del derecho y la ingenier\u00eda en las diferentes \u00e1reas de la productividad en la econom\u00eda nacional dirigida a sectores de la industria, la manufactura, el comercio y los servicios, sean micro, [&hellip;]<\/p>\n","protected":false},"author":1,"featured_media":0,"parent":0,"menu_order":0,"comment_status":"closed","ping_status":"closed","template":"","meta":{"_joinchat":[],"footnotes":""},"class_list":["post-2462","page","type-page","status-publish","hentry"],"yoast_head":"<!-- This site is optimized with the Yoast SEO plugin v16.1.1 - https:\/\/yoast.com\/wordpress\/plugins\/seo\/ -->\n<title>Nosotros - AUGE &amp; AM SAS<\/title>\n<link rel=\"canonical\" href=\"https:\/\/augeyam.com\/home\/nosotros-2\/\" \/>\n<meta property=\"og:locale\" content=\"es_ES\" \/>\n<meta property=\"og:type\" content=\"article\" \/>\n<meta property=\"og:title\" content=\"Nosotros - AUGE &amp; AM SAS\" \/>\n<meta property=\"og:description\" content=\"&nbsp; \u00a112 A\u00d1OS PROPORCIONANDO SOLUCIONES EMPRESARIALES! AUGE &amp; AM S.A.S. acredita 12 a\u00f1os de experiencia dedicados a la prestaci\u00f3n de servicios de asesor\u00eda, auditor\u00eda y consultor\u00eda. Ejecutada por profesionales del derecho y la ingenier\u00eda en las diferentes \u00e1reas de la productividad en la econom\u00eda nacional dirigida a sectores de la industria, la manufactura, el comercio y los servicios, sean micro, [&hellip;]\" \/>\n<meta property=\"og:url\" content=\"https:\/\/augeyam.com\/home\/nosotros-2\/\" \/>\n<meta property=\"og:site_name\" content=\"AUGE &amp; AM SAS\" \/>\n<meta property=\"article:modified_time\" content=\"2023-03-19T23:52:22+00:00\" \/>\n<meta property=\"og:image\" content=\"https:\/\/augeyam.com\/wp-content\/uploads\/2021\/04\/business-idea-growth-5261745-1024x682.jpg\" \/>\n<meta name=\"twitter:card\" content=\"summary_large_image\" \/>\n<meta name=\"twitter:label1\" content=\"Tiempo de lectura\">\n\t<meta name=\"twitter:data1\" content=\"2 minutos\">\n<script type=\"application\/ld+json\" class=\"yoast-schema-graph\">{\"@context\":\"https:\/\/schema.org\",\"@graph\":[{\"@type\":\"Organization\",\"@id\":\"https:\/\/augeyam.com\/home\/#organization\",\"name\":\"Asesor\\u00edas Unidas para la Gesti\\u00f3n Empresarial y Ambiental - AUGE & AM S.A.S.\",\"url\":\"https:\/\/augeyam.com\/home\/\",\"sameAs\":[\"https:\/\/www.linkedin.com\/company\/augeyam\/\"],\"logo\":{\"@type\":\"ImageObject\",\"@id\":\"https:\/\/augeyam.com\/home\/#logo\",\"inLanguage\":\"es\",\"url\":\"https:\/\/augeyam.com\/wp-content\/uploads\/2021\/03\/cropped-cropped-AUGE-LOGO-1-1-1.jpeg\",\"contentUrl\":\"https:\/\/augeyam.com\/wp-content\/uploads\/2021\/03\/cropped-cropped-AUGE-LOGO-1-1-1.jpeg\",\"width\":471,\"height\":521,\"caption\":\"Asesor\\u00edas Unidas para la Gesti\\u00f3n Empresarial y Ambiental - AUGE & AM S.A.S.\"},\"image\":{\"@id\":\"https:\/\/augeyam.com\/home\/#logo\"}},{\"@type\":\"WebSite\",\"@id\":\"https:\/\/augeyam.com\/home\/#website\",\"url\":\"https:\/\/augeyam.com\/home\/\",\"name\":\"AUGE & AM S.A.S.\",\"description\":\"Asesor\\u00edas empresariales y ambientales\",\"publisher\":{\"@id\":\"https:\/\/augeyam.com\/home\/#organization\"},\"potentialAction\":[{\"@type\":\"SearchAction\",\"target\":\"https:\/\/augeyam.com\/home\/?s={search_term_string}\",\"query-input\":\"required name=search_term_string\"}],\"inLanguage\":\"es\"},{\"@type\":\"ImageObject\",\"@id\":\"https:\/\/augeyam.com\/home\/nosotros-2\/#primaryimage\",\"inLanguage\":\"es\",\"url\":\"https:\/\/augeyam.com\/wp-content\/uploads\/2021\/04\/business-idea-growth-5261745.jpg\",\"contentUrl\":\"https:\/\/augeyam.com\/wp-content\/uploads\/2021\/04\/business-idea-growth-5261745.jpg\",\"width\":1280,\"height\":853,\"caption\":\"business, idea, growth\"},{\"@type\":\"WebPage\",\"@id\":\"https:\/\/augeyam.com\/home\/nosotros-2\/#webpage\",\"url\":\"https:\/\/augeyam.com\/home\/nosotros-2\/\",\"name\":\"Nosotros - AUGE &amp; AM SAS\",\"isPartOf\":{\"@id\":\"https:\/\/augeyam.com\/home\/#website\"},\"primaryImageOfPage\":{\"@id\":\"https:\/\/augeyam.com\/home\/nosotros-2\/#primaryimage\"},\"datePublished\":\"2023-03-19T21:20:22+00:00\",\"dateModified\":\"2023-03-19T23:52:22+00:00\",\"breadcrumb\":{\"@id\":\"https:\/\/augeyam.com\/home\/nosotros-2\/#breadcrumb\"},\"inLanguage\":\"es\",\"potentialAction\":[{\"@type\":\"ReadAction\",\"target\":[\"https:\/\/augeyam.com\/home\/nosotros-2\/\"]}]},{\"@type\":\"BreadcrumbList\",\"@id\":\"https:\/\/augeyam.com\/home\/nosotros-2\/#breadcrumb\",\"itemListElement\":[{\"@type\":\"ListItem\",\"position\":1,\"item\":{\"@type\":\"WebPage\",\"@id\":\"https:\/\/augeyam.com\/home\/\",\"url\":\"https:\/\/augeyam.com\/home\/\",\"name\":\"Asesor\\u00edas empresariales y ambientales\"}},{\"@type\":\"ListItem\",\"position\":2,\"item\":{\"@type\":\"WebPage\",\"@id\":\"https:\/\/augeyam.com\/home\/nosotros-2\/\",\"url\":\"https:\/\/augeyam.com\/home\/nosotros-2\/\",\"name\":\"Nosotros\"}}]}]}<\/script>\n<!-- \/ Yoast SEO plugin. -->","_links":{"self":[{"href":"https:\/\/augeyam.com\/home\/wp-json\/wp\/v2\/pages\/2462","targetHints":{"allow":["GET"]}}],"collection":[{"href":"https:\/\/augeyam.com\/home\/wp-json\/wp\/v2\/pages"}],"about":[{"href":"https:\/\/augeyam.com\/home\/wp-json\/wp\/v2\/types\/page"}],"author":[{"embeddable":true,"href":"https:\/\/augeyam.com\/home\/wp-json\/wp\/v2\/users\/1"}],"replies":[{"embeddable":true,"href":"https:\/\/augeyam.com\/home\/wp-json\/wp\/v2\/comments?post=2462"}],"version-history":[{"count":7,"href":"https:\/\/augeyam.com\/home\/wp-json\/wp\/v2\/pages\/2462\/revisions"}],"predecessor-version":[{"id":2472,"href":"https:\/\/augeyam.com\/home\/wp-json\/wp\/v2\/pages\/2462\/revisions\/2472"}],"wp:attachment":[{"href":"https:\/\/augeyam.com\/home\/wp-json\/wp\/v2\/media?parent=2462"}],"curies":[{"name":"wp","href":"https:\/\/api.w.org\/{rel}","templated":true}]}}